 is the remainder when 559864 is divided by 203?
193
What is the remainder when 247151 is divided by 542?
541
Calculate the remainder when 10099 is divided by 399.
124
What is the remainder when 90778 is divided by 139?
11
What is the remainder when 33284 is divided by 529?
486
What is the remainder when 7088 is divided by 85?
33
What is the remainder when 1094616 is divided by 1251?
1242
What is the remainder when 105888 is divided by 157?
70
Calculate the remainder when 23749 is divided by 742.
5
Calculate the remainder when 12474 is divided by 52.
46
Calculate the remainder when 2017 is divided by 48.
1
What is the remainder when 7127 is divided by 246?
239
Calculate the remainder when 1233573 is divided by 9.
6
Calculate the remainder when 8388 is divided by 56.
44
What is the remainder when 74248 is divided by 19?
15
What is the remainder when 82332 is divided by 20?
12
What is the remainder when 14399 is divided by 1028?
7
Calculate the remainder when 181354 is divided by 60326.
376
Calculate the remainder when 4971 is divided by 103.
27
Calculate the remainder when 17342 is divided by 1730.
42
What is the remainder when 58037 is divided by 127?
125
Calculate the remainder when 2692 is divided by 1866.
826
What is the remainder when 9303 is divided by 1172?
1099
What is the remainder when 7494 is divided by 3629?
236
What is the remainder when 573236 is divided by 5?
1
Calculate the remainder when 4332 is divided by 1443.
3
What is the remainder when 1781 is divided by 203?
157
Calculate the remainder when 11207 is divided by 329.
21
What is the remainder when 39078 is divided by 129?
120
What is the remainder when 5303 is divided by 527?
33
Calculate the remainder when 86752 is divided by 975.
952
Calculate the remainder when 31438 is divided by 1259.
1222
What is the remainder when 1269 is divided by 18?
9
Calculate the remainder when 6053 is divided by 1590.
1283
What is the remainder when 27989 is divided by 13990?
9
Calculate the remainder when 23082 is divided by 95.
92
What is the remainder when 5894 is divided by 1844?
362
Calculate the remainder when 9236 is divided by 215.
206
What is the remainder when 10382 is divided by 2591?
18
Calculate the remainder when 992987 is divided by 56.
51
Calculate the remainder when 930 is divided by 309.
3
Calculate the remainder when 47886 is divided by 4346.
80
What is the remainder when 41035 is divided by 782?
371
What is the remainder when 26576 is divided by 194?
192
Calculate the remainder when 2148 is divided by 183.
135
What is the remainder when 6598 is divided by 47?
18
Calculate the remainder when 165893 is divided by 12760.
13
What is the remainder when 16045 is divided by 15885?
160
Calculate the remainder when 135445 is divided by 22574.
1
What is the remainder when 21635 is divided by 10739?
157
Calculate the remainder when 1936 is divided by 1444.
492
Calculate the remainder when 6588 is divided by 3271.
46
Calculate the remainder when 1191 is divided by 260.
151
What is the remainder when 16265 is divided by 1249?
28
What is the remainder when 1189 is divided by 381?
46
What is the remainder when 7646 is divided by 1837?
298
Calculate the remainder when 277 is divided by 112.
53
Calculate the remainder when 23881 is divided by 854.
823
Calculate the remainder when 58304 is divided by 58242.
62
Calculate the remainder when 38768 is divided by 38745.
23
What is the remainder when 36253 is divided by 5177?
14
Calculate the remainder when 73607 is divided by 73602.
5
Calculate the remainder when 35488 is divided by 924.
376
What is the remainder when 1491 is divided by 384?
339
What is the remainder when 83396 is divided by 176?
148
What is the remainder when 1310887 is divided by 614?
611
Calculate the remainder when 73058 is divided by 69.
56
Calculate the remainder when 285103 is divided by 697.
30
What is the remainder when 3982 is divided by 107?
23
What is the remainder when 22669 is divided by 332?
93
Calculate the remainder when 337504 is divided by 147.
139
Calculate the remainder when 4417 is divided by 124.
77
Calculate the remainder when 98496 is divided by 299.
125
What is the remainder when 123759 is divided by 209?
31
Calculate the remainder when 13006 is divided by 3250.
6
Calculate the remainder when 4139 is divided by 345.
344
Calculate the remainder when 613429 is divided by 117.
115
Calculate the remainder when 7473 is divided by 455.
193
What is the remainder when 4147 is divided by 585?
52
What is the remainder when 163989 is divided by 81991?
7
Calculate the remainder when 290 is divided by 68.
18
What is the remainder when 22426 is divided by 7?
5
What is the remainder when 35525 is divided by 2732?
9
Calculate the remainder when 19222 is divided by 1872.
502
What is the remainder when 686488 is divided by 15?
13
What is the remainder when 5940 is divided by 5908?
32
Calculate the remainder when 98321 is divided by 15.
11
Calculate the remainder when 11360 is divided by 1622.
6
Calculate the remainder when 2139 is divided by 147.
81
What is the remainder when 3365 is divided by 120?
5
What is the remainder when 2844 is divided by 288?
252
What is the remainder when 16010 is divided by 849?
728
Calculate the remainder when 15849 is divided by 3133.
184
Calculate the remainder when 249486 is divided by 31.
29
Calculate the remainder when 201891 is divided by 75.
66
What is the remainder when 838078 is divided by 8?
6
Calculate the remainder when 528428 is divided by 35.
33
Calculate the remainder when 2436 is divided by 1201.
34
What is the remainder when 807 is divided by 20?
7
Calculate the remainder when 216371 is divided by 1127.
1114
Calculate the remainder when 93230 is divided by 11652.
14
What is the remainder when 7023 is divided by 52?
3
What is the remainder when 7758292 is divided by 56?
52
What is the remainder when 1370 is divided by 281?
246
What is the remainder when 27982 is divided by 3109?
1
What is the remainder when 94318 is divided by 43?
19
What is the remainder when 1437 is divided by 1374?
63
Calculate the remainder when 56445 is divided by 46.
3
What is the remainder when 8777 is divided by 584?
17
What is the remainder when 2411 is divided by 162?
143
What is the remainder when 20574 is divided by 343?
337
Calculate the remainder when 423128 is divided by 323.
321
Calculate the remainder when 54715 is divided by 23.
21
Calculate the remainder when 4853 is divided by 528.
101
Calculate the remainder when 1098147 is divided by 281.
280
Calculate the remainder when 756 is divided by 219.
99
What is the remainder when 285 is divided by 156?
129
What is the remainder when 17664 is divided by 47?
39
What is the remainder when 4043 is divided by 805?
18
What is the remainder when 19287 is divided by 6415?
42
Calculate the remainder when 859 is divided by 481.
378
What is the remainder when 28544 is divided by 55?
54
What is the remainder when 791 is divided by 384?
23
What is the remainder when 8145 is divided by 509?
1
Calculate the remainder when 134232 is divided by 926.
888
Calculate the remainder when 177357 is divided by 80.
77
Calculate the remainder when 146707 is divided by 146704.
3
What is the remainder when 1658 is divided by 412?
10
What is the remainder when 1596 is divided by 37?
5
Calculate the remainder when 11629 is divided by 577.
89
Calculate the remainder when 347691 is divided by 205.
11
Calculate the remainder when 6700 is divided by 359.
238
Calculate the remainder when 328547 is divided by 12.
11
Calculate the remainder when 22031 is divided by 46.
43
What is the remainder when 18493 is divided by 1232?
13
Calculate the remainder when 173177 is divided by 95.
87
What is the remainder when 15787 is divided by 6874?
2039
What is the remainder when 1423 is divided by 489?
445
What is the remainder when 14380 is divided by 18?
16
What is the remainder when 399093 is divided by 134?
41
What is the remainder when 18271 is divided by 16?
15
Calculate the remainder when 6754 is divided by 53.
23
Calculate the remainder when 119326 is divided by 7.
4
Calculate the remainder when 1130901 is divided by 1356.
1353
What is the remainder when 459126 is divided by 10?
6
What is the remainder when 20160 is divided by 87?
63
